{"id":190,"date":"2020-04-11T19:36:41","date_gmt":"2020-04-11T17:36:41","guid":{"rendered":"https:\/\/huegen.de\/?page_id=190"},"modified":"2022-02-06T18:47:02","modified_gmt":"2022-02-06T17:47:02","slug":"datenschutz","status":"publish","type":"page","link":"https:\/\/huegen.de\/?page_id=190","title":{"rendered":"Datenschutz"},"content":{"rendered":"\n<p>Der Schutz deiner personenbezogenen Daten bei der Erhebung, Verarbeitung und Nutzung anl\u00e4sslich deines Besuchs auf meiner Internetseite <strong>huegen.de<\/strong> ist mir ein wichtiges Anliegen. Deine Daten werden selbstverst\u00e4ndlich im Rahmen der gesetzlichen Vorschriften gesch\u00fctzt.<br><br>Nachfolgend m\u00f6chte ich dich daher dar\u00fcber informieren, welche Daten w\u00e4hrend deines Besuchs auf meiner Homepage erfasst und gespeichert werden und wie und f\u00fcr welche Zwecke diese Daten genutzt werden.<\/p>\n\n\n\n<hr class=\"wp-block-separator\"\/>\n\n\n\n<h2 class=\"wp-block-heading\" id=\"wer-ist-hier-verantwortlich\"><a><strong><span class=\"has-inline-color has-gray-color\">Wer ist hier verantwortlich?<\/span><\/strong><\/a><\/h2>\n\n\n\n<p>Verantwortlich f\u00fcr das Angebot auf meiner Website huegen.de im Sinne der Datenschutz-Grundverordnung (DSGVO) bin ich:<\/p>\n\n\n\n<p><strong>Andreas H\u00fcgen<\/strong><br>Erich-Klausener-Stra\u00dfe 80<br>47802 Krefeld<\/p>\n\n\n\n<p>E-Mail: <a href=\"mailto:info@huegen.de\"><span class=\"has-inline-color has-gray-color\">info@huegen.de<\/span><\/a>&nbsp;&nbsp;&nbsp;&nbsp;&nbsp;&nbsp;&nbsp;&nbsp;&nbsp;&nbsp;&nbsp;&nbsp;&nbsp;&nbsp;&nbsp;&nbsp;<br>Internet: <a href=\"https:\/\/huegen.de\"><span class=\"has-inline-color has-gray-color\">https:\/\/huegen.de<\/span><\/a><\/p>\n\n\n\n<hr class=\"wp-block-separator\"\/>\n\n\n\n<h2 class=\"wp-block-heading\" id=\"erhebung-und-verarbeitung-von-daten-durch-meinen-webhoster\"><a><strong><span class=\"has-inline-color has-gray-color\">Erhebung und Verarbeitung von Daten durch meinen Webhoster<\/span><\/strong><\/a><\/h2>\n\n\n\n<p>Meine Website liegt auf einem Webserver des Providers <strong>strato.de<\/strong>. Das Unternehmen Strato ist ein bekannter Webhoster in Deutschland.<\/p>\n\n\n\n<p>Wenn du meine Internetseite besuchst, wird automatisch deine IP-Adresse f\u00fcr maximal sieben Tage in einem Logfile bei Strato gespeichert. Die Speicherung von IP-Adressen ist f\u00fcr den Provider wichtig und notwendig, um m\u00f6gliche Server-Angriffe erkennen und fr\u00fchzeitig abwehren zu k\u00f6nnen.<\/p>\n\n\n\n<p>Der Webserver protokolliert dar\u00fcber hinaus in einer Logdatei weitere Daten, die statistischen und systembezogenen Zwecken dienen. So kann ich zum Beispiel erfahren, wie oft meine Internet-Seite besucht worden ist. Folgende (nicht personenbezogene) Daten werden dabei protokolliert:<\/p>\n\n\n\n<ul><li>Name der aufgerufenen Datei (z.B. welche Internetseite oder welches Bild aufgerufen wurde)<\/li><li>Datum und Uhrzeit des Abrufs<\/li><li>Referrer URL (die Seite, von der aus ein Benutzer auf meine Internetseite gelangt ist, z.B. Google)<\/li><li>Client-Domain (Anfragende Domain \/ Zugangsprovider, z.B. AOL)<\/li><li>Informationen zum Browser, der vom Besucher genutzt wurde (z.B. Firefox oder Chrome)<\/li><\/ul>\n\n\n\n<p>Aus datenschutzrechtlichen Gr\u00fcnden wird in den Logfiles der Hostname bzw. die IP-Adresse des Clients, der meine Website aufruft, von Strato anonymisiert. In den Logfiles werden nur die Eintr\u00e4ge f\u00fcr den Host des Clients oder, wenn dieser nicht ermittelbar ist, die IP-Adresse des Clients anonymisiert. Das Format aller anderen<\/p>\n\n\n\n<p>Eintr\u00e4ge \u00e4ndert sich nicht. Mehr dazu erf\u00e4hrst du in der Datenschutzerkl\u00e4rung von Strato: <a rel=\"noreferrer noopener\" href=\"https:\/\/www.strato.de\/datenschutz\/\" target=\"_blank\"><span class=\"has-inline-color has-gray-color\">https:\/\/www.strato.de\/datenschutz\/<\/span><\/a><\/p>\n\n\n\n<hr class=\"wp-block-separator\"\/>\n\n\n\n<h2 class=\"wp-block-heading\" id=\"nutzung-und-weitergabe-personenbezogener-daten\"><a><strong><span class=\"has-inline-color has-gray-color\">Nutzung und Weitergabe personenbezogener Daten<\/span><\/strong><\/a><\/h2>\n\n\n\n<p>Unter &#8222;personenbezogenen Angaben&#8220; versteht man nach dem Bundesdatenschutzgesetz (BDSG) pers\u00f6nliche Informationen einer nat\u00fcrlichen Person wie z.B. Name, Kontaktdaten, Beruf, Alter, etc. &#8230;<\/p>\n\n\n\n<p>Zun\u00e4chst einmal m\u00f6chte ich dir versichern, dass du alle Angebote auf meiner Website jederzeit lesen kannst ohne dabei Angaben zu deiner Person machen zu m\u00fcssen. Dies gilt gleicherma\u00dfen f\u00fcr die Informations-Artikel auf meiner Internetseite und die Beitr\u00e4ge in meinem Heilfasten-Forum.<\/p>\n\n\n\n<p>Soweit du mir jedoch personenbezogene Daten zur Verf\u00fcgung gestellt hast, weil du mir zum Beispiel eine E-Mail oder einen Brief geschickt hast, verwende ich diese selbstverst\u00e4ndlich nur zur Beantwortung deiner Anfragen oder zur Abwicklung von mit dir abgeschlossenen Vertr\u00e4gen.<br><br>Deine personenbezogenen Daten werden nur an Dritte weitergegeben oder sonst wie \u00fcbermittelt, wenn dies zum Zwecke der Vertragsabwicklung erforderlich ist, dies zu Abrechnungszwecken erforderlich ist oder du zuvor eingewilligt hast. Du hast das Recht, eine erteilte Einwilligung mit Wirkung f\u00fcr die Zukunft jederzeit zu widerrufen.<\/p>\n\n\n\n<p>Die L\u00f6schung der gespeicherten personenbezogenen Daten erfolgt, wenn du deine Einwilligung zur Speicherung widerrufst, wenn ihre Kenntnis zur Erf\u00fcllung des mit der Speicherung verfolgten Zwecks nicht mehr erforderlich ist oder wenn ihre Speicherung aus sonstigen gesetzlichen Gr\u00fcnden unzul\u00e4ssig ist.<\/p>\n\n\n\n<hr class=\"wp-block-separator\"\/>\n\n\n\n<h2 class=\"wp-block-heading\" id=\"verwendung-einer-ssl-verschlusselung\"><a><strong><span class=\"has-inline-color has-gray-color\">Verwendung einer SSL-Verschl\u00fcsselung<\/span><\/strong><\/a><\/h2>\n\n\n\n<p>Um deine \u00fcbermittelten Daten bestm\u00f6glich zu sch\u00fctzen nutze ich eine SSL-Verschl\u00fcsselung. Du erkennst derart verschl\u00fcsselte Verbindungen&nbsp; an dem Pr\u00e4fix \u201chttps:\/\/\u201c im Seitenlink in der Adresszeile deines Browsers. Unverschl\u00fcsselte Seiten sind durch \u201ehttp:\/\/\u201c gekennzeichnet. S\u00e4mtliche Daten, welche du an meine Internetseite \u00fcbermittelst \u2013etwa bei Anfragen \u2013 k\u00f6nnen dank SSL-Verschl\u00fcsselung nicht von Dritten gelesen werden.<\/p>\n\n\n\n<hr class=\"wp-block-separator\"\/>\n\n\n\n<h2 class=\"wp-block-heading\" id=\"auskunftsrecht\"><a><strong><span class=\"has-inline-color has-gray-color\">Auskunftsrecht<\/span><\/strong><\/a><\/h2>\n\n\n\n<p>Auf schriftliche Anfrage werde ich dich gerne \u00fcber die zu deiner Person gespeicherten Daten informieren.<\/p>\n\n\n\n<hr class=\"wp-block-separator\"\/>\n\n\n\n<h2 class=\"wp-block-heading\" id=\"verwendung-von-cookies\"><a><strong><span class=\"has-inline-color has-gray-color\">Verwendung von Cookies<\/span><\/strong><\/a><\/h2>\n\n\n\n<p>Cookies sind kleine Textdateien, die von einer Internetseite, die du besuchst, auf deinem Rechner gespeichert werden k\u00f6nnen. Auf diese Weise k\u00f6nnen von dir genutzte Zugangsdaten auf den verschiedensten Internetseiten oder selbst gew\u00e4hlte Optionen wie zum Beispiel die gew\u00fcnschte Landessprache einer Website im Browser gespeichert werden. Cookies k\u00f6nnen also durchaus n\u00fctzlich sein und dir dabei helfen, Zeit zu sparen.<\/p>\n\n\n\n<p>Wenn du meine Internetseite trotzdem lieber komplett ohne Cookies lesen m\u00f6chtest, ist das jedoch auch m\u00f6glich. Du kannst n\u00e4mlich selbst\u00e4ndig jeden Browser \u00fcber die Einstellungen so konfigurieren, dass das Setzen von Cookies entweder generell abgelehnt oder explizit f\u00fcr einzelne Seiten zugelassen wird. Das Blockieren von Cookies funktioniert bei jedem Browser ein bisschen anders, deswegen kann ich an dieser Stelle nicht n\u00e4her auf die Funktionsweise jedes einzelnen Browser eingehen. Informationen zur individuellen Konfiguration von Cookies in deinem eigenen Browser, findest du jedoch stets in der Hilfe-Funktion des von dir genutzten Browsers.<\/p>\n\n\n\n<hr class=\"wp-block-separator\"\/>\n\n\n\n<h2 class=\"wp-block-heading\" id=\"verlinkungen-zu-anderen-internetseiten\"><a><strong><span class=\"has-inline-color has-gray-color\">Verlinkungen zu anderen Internetseiten<\/span><\/strong><\/a><\/h2>\n\n\n\n<p>Meine Internetseite enth\u00e4lt Links zu anderen Internetseiten. Ich habe keinerlei Einfluss darauf, ob deren Betreiber die Datenschutzbestimmungen einhalten. Bitte informiere dich jeweils in den dortigen Datenschutzerkl\u00e4rungen.<\/p>\n\n\n\n<hr class=\"wp-block-separator\"\/>\n\n\n\n<h2 class=\"wp-block-heading\" id=\"aktualitat-und-anderung-dieser-datenschutzerklarung\"><a><strong><span class=\"has-inline-color has-gray-color\">Aktualit\u00e4t und \u00c4nderung dieser Datenschutzerkl\u00e4rung<\/span><\/strong><\/a><\/h2>\n\n\n\n<p>Durch die Weiterentwicklung meiner Website und Angebote dar\u00fcber oder aufgrund ge\u00e4nderter gesetzlicher beziehungsweise beh\u00f6rdlicher Vorgaben kann es notwendig werden, diese Datenschutzerkl\u00e4rung zu \u00e4ndern. Die jeweils aktuelle Datenschutzerkl\u00e4rung kann jederzeit auf der Website unter <a href=\"https:\/\/huegen.de\/datenschutz\/\"><span class=\"has-inline-color has-gray-color\">https:\/\/huegen.de\/datenschutz.<\/span><\/a> von dir abgerufen und ausgedruckt werden.<\/p>\n\n\n\n<p>Diese Datenschutzerkl\u00e4rung ist aktuell g\u00fcltig und hat den <strong>Stand Februar 2022<\/strong>.<\/p>\n","protected":false},"excerpt":{"rendered":"<p>Der Schutz deiner personenbezogenen Daten bei der Erhebung, Verarbeitung und Nutzung anl\u00e4sslich deines Besuchs auf meiner Internetseite huegen.de ist mir ein wichtiges Anliegen. Deine Daten werden selbstverst\u00e4ndlich im Rahmen der gesetzlichen Vorschriften gesch\u00fctzt. Nachfolgend m\u00f6chte ich dich daher dar\u00fcber informieren, welche Daten w\u00e4hrend deines Besuchs auf meiner Homepage erfasst und gespeichert werden und wie und&hellip;&nbsp;<a href=\"https:\/\/huegen.de\/?page_id=190\" class=\"\" rel=\"bookmark\">Weiterlesen &raquo;<span class=\"screen-reader-text\">Datenschutz<\/span><\/a><\/p>\n","protected":false},"author":1,"featured_media":0,"parent":0,"menu_order":0,"comment_status":"closed","ping_status":"closed","template":"","meta":{"neve_meta_sidebar":"","neve_meta_container":"","neve_meta_enable_content_width":"","neve_meta_content_width":0,"neve_meta_title_alignment":"","neve_meta_author_avatar":"","neve_post_elements_order":"","neve_meta_disable_header":"","neve_meta_disable_footer":"","neve_meta_disable_title":"","footnotes":""},"_links":{"self":[{"href":"https:\/\/huegen.de\/index.php?rest_route=\/wp\/v2\/pages\/190"}],"collection":[{"href":"https:\/\/huegen.de\/index.php?rest_route=\/wp\/v2\/pages"}],"about":[{"href":"https:\/\/huegen.de\/index.php?rest_route=\/wp\/v2\/types\/page"}],"author":[{"embeddable":true,"href":"https:\/\/huegen.de\/index.php?rest_route=\/wp\/v2\/users\/1"}],"replies":[{"embeddable":true,"href":"https:\/\/huegen.de\/index.php?rest_route=%2Fwp%2Fv2%2Fcomments&post=190"}],"version-history":[{"count":14,"href":"https:\/\/huegen.de\/index.php?rest_route=\/wp\/v2\/pages\/190\/revisions"}],"predecessor-version":[{"id":634,"href":"https:\/\/huegen.de\/index.php?rest_route=\/wp\/v2\/pages\/190\/revisions\/634"}],"wp:attachment":[{"href":"https:\/\/huegen.de\/index.php?rest_route=%2Fwp%2Fv2%2Fmedia&parent=190"}],"curies":[{"name":"wp","href":"https:\/\/api.w.org\/{rel}","templated":true}]}}